{"id":1660,"date":"2024-01-06T13:24:39","date_gmt":"2024-01-06T13:24:39","guid":{"rendered":"https:\/\/lagus.fi\/w\/?page_id=1660"},"modified":"2026-02-01T12:13:04","modified_gmt":"2026-02-01T12:13:04","slug":"strauss-2027","status":"publish","type":"page","link":"https:\/\/lagus.fi\/w\/sv\/strauss-2027\/","title":{"rendered":"Strauss 2027"},"content":{"rendered":"<p>[et_pb_section fb_built=&#8221;1&#8243; custom_padding_last_edited=&#8221;on|desktop&#8221; admin_label=&#8221;section&#8221; _builder_version=&#8221;4.16&#8243; background_color=&#8221;rgba(255,255,255,0)&#8221; custom_padding_tablet=&#8221;50px|0|50px|0&#8243; custom_padding_phone=&#8221;&#8221; transparent_background=&#8221;on&#8221; padding_mobile=&#8221;off&#8221; make_fullwidth=&#8221;off&#8221; use_custom_width=&#8221;off&#8221; width_unit=&#8221;on&#8221; locked=&#8221;off&#8221; global_colors_info=&#8221;{}&#8221;][et_pb_row column_structure=&#8221;1_3,2_3&#8243; use_custom_gutter=&#8221;on&#8221; padding_mobile=&#8221;off&#8221; column_padding_mobile=&#8221;on&#8221; admin_label=&#8221;row&#8221; _builder_version=&#8221;4.16&#8243; background_color=&#8221;#000000&#8243; background_size=&#8221;initial&#8221; background_position=&#8221;top_left&#8221; background_repeat=&#8221;repeat&#8221; make_fullwidth=&#8221;off&#8221; use_custom_width=&#8221;off&#8221; width_unit=&#8221;on&#8221; locked=&#8221;off&#8221; global_colors_info=&#8221;{}&#8221;][et_pb_column type=&#8221;1_3&#8243; _builder_version=&#8221;4.16&#8243; custom_padding=&#8221;|||&#8221; global_colors_info=&#8221;{}&#8221; custom_padding__hover=&#8221;|||&#8221;][et_pb_text admin_label=&#8221;Text&#8221; _builder_version=&#8221;4.25.0&#8243; background_size=&#8221;initial&#8221; background_position=&#8221;top_left&#8221; background_repeat=&#8221;repeat&#8221; custom_padding=&#8221;25px|25px|0px|25px|false|false&#8221; use_border_color=&#8221;off&#8221; border_color=&#8221;#ffffff&#8221; border_style=&#8221;solid&#8221; global_colors_info=&#8221;{}&#8221;]<\/p>\n<p>V\u00e4lkommen p\u00e5 Strauss konsert i Finlandia-huset den<strong><br \/>5.1 kl. 19.00 och 6.1 2027 kl. 14.00.<\/strong><\/p>\n<p>Konserterna speltid \u00e4r ca 2,5 timmar inkl. paus.<\/p>\n<p>[\/et_pb_text][\/et_pb_column][et_pb_column type=&#8221;2_3&#8243; _builder_version=&#8221;4.16&#8243; custom_padding=&#8221;|||&#8221; global_colors_info=&#8221;{}&#8221; custom_padding__hover=&#8221;|||&#8221;][et_pb_text admin_label=&#8221;2027 sv&#8221; _builder_version=&#8221;4.25.0&#8243; background_size=&#8221;initial&#8221; background_position=&#8221;top_left&#8221; background_repeat=&#8221;repeat&#8221; custom_padding=&#8221;25px|25px|25px|25px&#8221; hover_enabled=&#8221;0&#8243; use_border_color=&#8221;off&#8221; border_color=&#8221;#ffffff&#8221; border_style=&#8221;solid&#8221; locked=&#8221;off&#8221; global_colors_info=&#8221;{}&#8221; sticky_enabled=&#8221;0&#8243;]<\/p>\n<h1>Strauss-konserter p\u00e5 Finlandia-huset \u00e5r 2027<\/h1>\n<p>Det nya \u00e5ret inleds med den festliga traditionen med Strauss-konserter i samband med trettondagshelgen i Finlandia-huset den 5 och 6 januari 2027.<\/p>\n<p>Lojo stadsorkester ut\u00f6kad med studeranden fr\u00e5n Konstuniversitetets Sibelius-Akademi dirigeras som alltid av den karismatiska och charmiga maestron Atso Almila.<\/p>\n<p>Orkestern med sin gl\u00e4dje och Almila med sin enorma kompetens bjuder p\u00e5 gl\u00e4djefyllda musikupplevelser i b\u00e4sta Strauss-anda.<\/p>\n<h3>V\u00e4lkommen p\u00e5 Strauss-konsert till Finlandia-huset den 5.1 kl. 19 och 6.1.2027 kl. 14!<\/h3>\n<p>&nbsp;<\/p>\n<h3><span style=\"color: #ffff00;\">Biljettbest\u00e4llningar f\u00f6r \u00e5r 2027<\/span><\/h3>\n<p>N\u00e4sta \u00e5rs Strauss-konserters biljettf\u00f6rs\u00e4ljning b\u00f6rjar i oktober.<\/p>\n<p><strong>V\u00e4lkommen d\u00e5 tillbaka till sidan!<\/strong><\/p>\n<p>&nbsp;<\/p>\n<p>[\/et_pb_text][\/et_pb_column][\/et_pb_row][\/et_pb_section]<\/p>\n","protected":false},"excerpt":{"rendered":"<p>V\u00e4lkommen p\u00e5 Strauss konsert i Finlandia-huset den5.1 kl. 19.00 och 6.1 2027 kl. 14.00. Konserterna speltid \u00e4r ca 2,5 timmar inkl. paus.Strauss-konserter p\u00e5 Finlandia-huset \u00e5r 2027 Det nya \u00e5ret inleds [&hellip;]<\/p>\n","protected":false},"author":1,"featured_media":0,"parent":0,"menu_order":0,"comment_status":"closed","ping_status":"closed","template":"","meta":{"_et_pb_use_builder":"on","_et_pb_old_content":"","_et_gb_content_width":"","footnotes":""},"class_list":["post-1660","page","type-page","status-publish","hentry"],"_links":{"self":[{"href":"https:\/\/lagus.fi\/w\/wp-json\/wp\/v2\/pages\/1660","targetHints":{"allow":["GET"]}}],"collection":[{"href":"https:\/\/lagus.fi\/w\/wp-json\/wp\/v2\/pages"}],"about":[{"href":"https:\/\/lagus.fi\/w\/wp-json\/wp\/v2\/types\/page"}],"author":[{"embeddable":true,"href":"https:\/\/lagus.fi\/w\/wp-json\/wp\/v2\/users\/1"}],"replies":[{"embeddable":true,"href":"https:\/\/lagus.fi\/w\/wp-json\/wp\/v2\/comments?post=1660"}],"version-history":[{"count":28,"href":"https:\/\/lagus.fi\/w\/wp-json\/wp\/v2\/pages\/1660\/revisions"}],"predecessor-version":[{"id":1947,"href":"https:\/\/lagus.fi\/w\/wp-json\/wp\/v2\/pages\/1660\/revisions\/1947"}],"wp:attachment":[{"href":"https:\/\/lagus.fi\/w\/wp-json\/wp\/v2\/media?parent=1660"}],"curies":[{"name":"wp","href":"https:\/\/api.w.org\/{rel}","templated":true}]}}